-3))/(46/j).
2, 7, 11
Let s = 2627 - 2524. What are the prime factors of s?
103
Let m = 17 - 12. Suppose m*a = 330 + 700. Let w = a - 118. List the prime factors of w.
2, 11
Let f(j) be the first derivative of 13*j**4/4 - 2*j**2 + j + 14. Let z be f(2). Let r = z + -29. What are the prime factors of r?
2, 17
Let a = 44784 - 18424. List the prime factors of a.
2, 5, 659
Let u(c) = 81*c**2 - c. Let z = -239 + 237. What are the prime factors of u(z)?
2, 163
Let g(f) = 801*f - 159. What are the prime factors of g(1)?
2, 3, 107
Suppose -5*c = -i + 1019, 5*c + 502 = -2*i - 505. Let q = c - -360. List the prime factors of q.
157
Suppose 4*r = -0*r - 3*t - 15, -15 = r + 3*t. Suppose -8 = -2*v, 5*n = -r*n + 2*v + 92. What are the prime factors of n?
2, 5
Let s(l) = 126*l**2 + l + 22. Let t be s(6). Suppose 0 = -16*b + 2*b + t. List the prime factors of b.
2, 163
Let k(q) = 2*q**3 + 8*q**2 - 13*q - 10. Let d be k(-5). Suppose d*l = 5*t - 3680, -2*t = -3*l - 1406 - 70. List the prime factors of t.
2, 3, 61
Let j be 6/8*(-48 + 452). Let l = 905 - j. What are the prime factors of l?
2, 7, 43
Let b(s) = -5*s**2 + 65*s - 3. Let d be b(13). List the prime factors of -2 + d + 4/4 + 479.
5, 19
Let u(w) = 65*w**2 - 15*w + 69. Let t be u(4). Let b = -518 + t. List the prime factors of b.
3, 59
Let a be (-12)/(-2)*-4*3/(-24). Suppose 0 = 3*z + 4*t + 40 - 191, 5*z = a*t + 213. Suppose z - 65 = -5*g. List the prime factors of g.
2
Let m be ((-18)/(-6) - -3)*1/2. Suppose -5*i + 5 = 0, m*b = 6*i - 2*i + 842. List the prime factors of b.
2, 3, 47
Suppose 510434 = -96*w + 3345122. List the prime factors of w.
2, 3691
Suppose -2*b + l - 17 = 6*l, -3*b - 5*l - 23 = 0. What are the prime factors of 9015/b*8/(-20)?
601
Let u(c) = 986*c - 166. What are the prime factors of u(7)?
2, 421
Let p be 8/16*-558 + -5. What are the prime factors of (-36)/126 - (2 + p/14)?
2, 3
Let q = 6071 + -8780. List the prime factors of (-4)/14 - (0 + q/49).
5, 11
Let f be -46 + 51 + (-130)/(-2). Suppose 77*n = f*n + 665. List the prime factors of n.
5, 19
Suppose -169*o = -35*o - 5775266. List the prime factors of o.
7, 47, 131
Let k(t) = 30*t**2 - 4*t - 5. Let n = -52 - -51. List the prime factors of k(n).
29
Let b(z) = 4*z - 14. Let q be b(4). Suppose 0 = p + w - 3 + 6, -q*p - 6 = w. List the prime factors of 9/6*(p + (-97)/(-3)).
2, 11
Let y(k) = 2*k**2 - 26*k - 57. Let m = 58 + -38. List the prime factors of y(m).
223
Let u = -32 - -73. Let h be (46/(-10) + 1)*-10. Suppose -t = -h - u. What are the prime factors of t?
7, 11
Suppose 0 = -3*b + u + 15161, -5*b = 7*u - 4*u - 25287. List the prime factors of b.
3, 5, 337
Let t = -49865 + 77959. What are the prime factors of t?
2, 11, 1277
Suppose 4*j - 2460 = 4*x, -627 = -5*j + 4*j - 5*x. Suppose a = 5*p + 219, 3*a - j = 12*p - 7*p. What are the prime factors of a?
199
Let t = 41 - 36. Let k(g) = -3*g - 5 + 11 + 9 + 12. What are the prime factors of k(t)?
2, 3
Suppose -5 - 75 = -5*n. Suppose -4*x - n = 0, 2*y - x - 264 = x. What are the prime factors of y?
2
Let t(r) be the third derivative of 1/12*r**4 + 0 + 27*r**2 + 95/6*r**3 + 0*r. What are the prime factors of t(0)?
5, 19
List the prime factors of 2 + 9/(-5) - (-19 - 8783360/200).
2, 1373
Suppose -f - 29 + 4 = -3*c, -4*c = -4*f - 36. Suppose c*g = 3*g - 835. What are the prime factors of (-3)/(-2) - (-3 + g/2)?
2, 11
Let u = -731 - -735. Suppose -351 - 573 = -5*r + 3*t, 2*t = u*r - 740. What are the prime factors of r?
2, 3, 31
Let d(w) be the first derivative of 6 + 7/2*w**2 + 1/4*w**4 + 4*w + 10/3*w**3. What are the prime factors of d(-6)?
2, 53
Let z = 1102 - -7677. What are the prime factors of z?
8779
Let a = -69233 + 97849. What are the prime factors of a?
2, 7, 73
Suppose -194 = -2*d - 2*c, d - 106 = -0*c + 2*c. Suppose -101*h + d*h + 858 = 0. List the prime factors of h.
2, 3, 11, 13
Let c(z) = -z**3 - 10*z**2 + 19*z + 17. Let a be c(-11). Suppose -3*r + 4*h + h = 151, r + 45 = 3*h. Let k = r - a. List the prime factors of k.
2, 7
Let t(j) = 95*j + 6. Let z(f) = -f. Let u(n) = -t(n) + 4*z(n). Let i be u(6). Let c = i - -851. List the prime factors of c.
251
Suppose 0 = 2*t + 219 - 15. List the prime factors of t/255*-10*53.
2, 53
Suppose 0 = -71*i + 607314 - 36900. What are the prime factors of i?
2, 3, 13, 103
Suppose -6 = 7*g + 463. Let l = g + 203. What are the prime factors of l?
2, 17
Let a(l) = -l - 11. Let c be a(-14). Suppose c*d + 2*w = 5854, 0 = -d - 2*d - 3*w + 5853. Suppose -8*q = 288 - d. What are the prime factors of q?
2, 13
Suppose 2*y - 7115 = -0*g + 5*g, 3*y = 3*g + 10668. What are the prime factors of y?
3, 5, 79
Let t(q) = -q**2 - 8*q - 9. Let m be t(-4). Let h(w) = -3*w**2 - 5 - 5*w + m*w**2 - w. List the prime factors of h(-3).
7
Let a = 38 - 57. Let j be (a - -7)*(-1)/4. Suppose 106 = 5*l - c, -j*c + 1 = 4. What are the prime factors of l?
3, 7
Let l = -58 + 58. Suppose -6*g - 2*g = l. Suppose g = 4*r - u - 2*u - 380, u + 95 = r. List the prime factors of r.
5, 19
Suppose -15*z = 5*z. Suppose 0*y = -4*y + 28. Suppose 0*b - y*b + 140 = z. What are the prime factors of b?
2, 5
List the prime factors of ((-437)/(-57))/(2 + (-8725)/4365).
3, 23, 97
Suppose 0 = 16*q - 22 - 10. Suppose 4*t - 1824 = -q*i, t - 453 = 3*i - 2*i. List the prime factors of t.
5, 7, 13
Let x(v) = v**3 - 49*v**2 + 19*v - 684. What are the prime factors of x(56)?
2, 3, 1861
Let u = 1091 + -136. Suppose 13*v - 3256 = -u. What are the prime factors of (4/(-6))/((-2)/v)?
59
Suppose -10*z + 14*z - 3190 = a, -5*a = -5*z + 3995. Suppose 1348 = 3*d + 3*q - z, 5*d = 2*q + 3547. What are the prime factors of d?
3, 79
Let h = 457 + -245. Let q = h + 57. List the prime factors of q.
269
Let i(j) be the second derivative of -61*j**3/2 + j**2/2 + 11*j - 5. List the prime factors of i(-2).
367
Let o be -2 - (-432 - (2 - 1)). Let y = 2642 - 2348. Let a = o - y. What are the prime factors of a?
137
Let s(f) = -8*f - 9. Let h = 40 - 43. Let t be s(h). Suppose t*b - 130 = 13*b. List the prime factors of b.
5, 13
Let x = -1975 - -3441. Let w = x - 722. What are the prime factors of w?
2, 3, 31
Let d(v) be the second derivative of -3*v**2 - 51*v**3 - 23*v - 57*v**3 + 109*v**3. List the prime factors of d(20).
2, 3, 19
Suppose -103*k - 3*k = -786202. What are the prime factors of k?
7417
Let m = 4519 - 3488. List the prime factors of m.
1031
Let c(t) = -t**3 - 7*t**2 + t + 11. Let j be c(-7). Suppose j*l - 13*f + 12*f - 403 = 0, -100 = -l + f. What are the prime factors of l?
101
Let m = -2494 + 23774. List the prime factors of m.
2, 5, 7, 19
Let z(f) = -f**3 + 89*f**2 + 11*f + 190. List the prime factors of z(85).
5, 1201
Suppose 0 = -p + 2*l + 588, 4*l + 2332 = 4*p - 0*p. List the prime factors of 3 + (-4)/(-6)*-6 + p.
577
Let l = 776 + -1454. Let j = l - -1161. List the prime factors of j.
3, 7, 23
Let q = 11998 - -13915. What are the prime factors of q?
25913
Let z be (1 + 17)*(-12)/(-36). Let h(q) be the third derivative of 13*q**4/24 - q**3/6 - 7*q**2 + 3. List the prime factors of h(z).
7, 11
Suppose 2*v = -3*z + 910, 1064 + 146 = 4*z + 2*v. What are the prime factors of (-9312)/(-10) + 5*(-12)/z?
7, 19
Suppose 95*a + 10*a - 621915 = 0. List the prime factors of a.
5923
Let q = -15601 + 39343. List the prime factors of q.
2, 3, 1319
Let a be 5 + 0 - (-18 - 1939). Suppose 1634 = 4*r + 4*m - 962, -3*r + 2*m = -a. What are the prime factors of r?
2, 163
Let f(t) be the second derivative of 21*t**5/20 + t**4/12 - 5*t**3/2 + 65*t. What are the prime factors of f(3)?
3, 59
Suppose 0 = -t - 4*t - z + 5068, t - 1028 = -5*z. Suppose 0 = -3*n + 1417 + t. What are the prime factors of n?
2, 3, 5
List the prime factors of 29029/((-15)/10 - (-30)/12).
7, 11, 13, 29
Suppose -2131 = -j - y + 2*y, -4*y + 16 = 0. Suppose 18*o - j - 3067 = 0. List the prime factors of o.
17
Let u be -17 - (-6*(-2)/(-4) - -7). What are the prime factors of (-132)/16*952/u?
2, 11, 17
Let z = 1030 - 1030. Let w = 4 + 0. Suppose -w*c + 224 = -z*c. List the prime factors of c.
2, 7
List the prime factors of (2/(-10))/1 - 422954/(-70).
2, 3, 19, 53
Suppose -6*x = 8*x - 42. Suppose -2928 = -4*z + j, -7*j = -x*z - 5*j + 2201. What are the prime factors of z?
17, 43
Let z be 7 + (-4 - 0) - 220. Let o = 132 + z. Let g = 121 + o. What are the pr